 (1 - -1)).
52
What is 4 + -7 + (49 + 14 - 11)?
49
Evaluate 95 - (25 + -70 - -103).
37
59 + 0 - (-34 + 74)
19
What is 6 - (-14 + 23 + 7 + (-14 - -8) + 40)?
-44
Evaluate 14 + 41 + -37 + -22.
-4
Calculate 22 + -63 + 27 + 9 + 49 + -1.
43
Calculate 74 + -73 + (-77 - -47).
-29
(9 - -3 - 25) + 9 + -2 + 2 + -1
-5
169 + -9 - 154 - (44 - (1 + -2))
-39
What is (213 - 142) + -145 + 118?
44
Evaluate 19 - (33 - -48) - (-5 - -7).
-64
Calculate (87 - 1) + (-32 - (-35 - -16)) - -12.
85
What is -8 - ((0 - 3 - -12) + -73 - (5 + 2))?
63
21 + (67 - -71) + 2 + (-10 - 1)
150
What is the value of 10 + 0 + 51 + 37 + -33 - (-7 - -6)?
66
What is (-6 + 4 - -4) + (-20 - ((-34 - -14) + 17))?
-15
Evaluate (1 - -39) + 17 + (-10 - -6).
53
Evaluate 56 + (-37 - 1) + -783 + 791.
26
What is 1 + -2 - 30 - (39 + (15 - 29 - 26))?
-30
Evaluate (55 - 31) + (-38 - -3) - -74.
63
What is 1 + 13 + 0 + -120 + (-319 - -471)?
46
Evaluate -75 + 2 + (-31 - (-39 + 26 - 1)).
-90
What is the value of (-141 - -112) + -1 + 4 + -12 + 13?
-25
Calculate (-24 - -2) + 6 + -9 + (-16 - -35).
-6
Evaluate 58 + -43 - (-109 + (-6 - 7 - -10)).
127
Evaluate -83 - (5 - 72) - (2 + -19) - (3 + -2).
0
What is 66 + ((112 - 106) + (6 - 0) - 19)?
59
(-103 - -42) + 1 + 1 - (-1 + -3 + 17)
-72
33 - (-22 + 29 + 1 + -23)
48
Calculate 152 - (72 + (56 - 46)).
70
What is the value of -34 + 37 + 4 + 0 + 5 + 11 - 11?
12
242 + -212 + 4 + -2 + -18 + 0
14
Evaluate 31 - (55 - 51 - -23).
4
Calculate 21 + 5 + -41 + 51 + -41.
-5
What is the value of -15 - (-15 + (20 - (19 + -13)))?
-14
What is the value of 2 - (-25 - -14) - -1 - (-2 + (-114 - -5))?
125
66 + 55 + -44 + -122
-45
Calculate (23 - (201 + -165)) + 1 + 93.
81
46 + -31 + -20 - (-10 + 2) - -29
32
164 - (77 + 66) - (15 - -1) - -39
44
What is the value of (-87 - 6) + 3 + (-17 - -9 - -16) + 1?
-81
Evaluate 3 + ((-1 - -17) + (-20 - -20) - -4).
23
-90 - 1 - (-6124 - -5968)
65
What is the value of 5 - (30 - 14) - -26 - (-3 - -7 - 5)?
16
5 - (-8 - ((7 - 15) + -51)) - -9
-37
What is the value of 101 - (49 + 29) - (1 + (-2 - -8))?
16
What is -73 - -156 - 213 - -64?
-66
What is the value of -59 + 38 + 173 + -93?
59
Calculate 1 - (-36 + 30) - (0 + 10 + 1) - 10.
-14
What is the value of 15 + -45 + -24 + 58 + -75?
-71
Calculate (-14 - (-8 - 14)) + 2 + -35.
-25
Evaluate 32 + -1 - (-15 - (-18 - (-18 + (-19 - -36)))).
29
Evaluate (2225 - 2212) + (0 + 0 + -2 - -15).
26
Evaluate 0 - 4 - (-1 - 4) - (-4 + 0 + 11).
-6
What is the value of -71 - 15 - (23 + (-4 - 25)) - 24?
-104
Evaluate 11 - 24 - -13 - (3 + 0).
-3
Calculate 0 + 12 + (41 + -21 - 32 - 12).
-12
3 - -102 - (5 + -11 + (-29 - -55 - 15))
100
(40 - 25) + 115 + (2 - 4 - (-7 + 18))
117
Calculate -17 + 12 - (36 + 33 + -60).
-14
Evaluate (-5 - -13) + (-19 - (-9 + 0 - -33)) + 22.
-13
What is (-73 + (-28 - -1) - 14) + 32?
-82
What is the value of -27 + (0 - -6) + (-12 - (27 - 22)) + 6?
-32
Calculate 0 + -10 + 11 + (-1 - 1) + 539 + -536.
2
What is the value of -4425 + 4530 + -78 + 1?
28
What is 26 + -54 - (27 - -6 - 70)?
9
Calculate 148 - (47 + -94 + 143).
52
What is -21 - (-72 - (65 - 125))?
-9
Evaluate 204 - 79 - (-113 - -132).
106
What is -32 - (-32 - -68) - -59?
-9
What is (-75 - -1) + (80 - 105) + 47?
-52
What is the value of 5437 + -5473 + (-1 - -78)?
41
4 + (24 + -13 - 20) + (21 - 4)
12
Evaluate -50 - (21 + (1 - (-20 + 24) - 13)).
-55
Calculate -63 + 35 + -35 + 31.
-32
Evaluate 2414 - 2356 - (-1 + 45).
14
Evaluate -2 - (-7 - -5 - 7 - (-22 + 3 - -6)).
-6
What is the value of (-96 - 52) + 79 + 151?
82
What is the value of 249 + -163 + (-154 - -18)?
-50
What is the value of -25 + (14 - -5) + -30 + 8?
-28
Calculate -76 + -89 + 101 - -32.
-32
What is -2 - (-14 - -1) - (21 - (-37 + 60))?
13
(3 + (-16 - -7) + 10 - -69) + (-107 - -115)
81
Evaluate -50 + -60 - (-4 - (20 - 19)).
-105
Calculate 19 - 1 - ((-37 - 45) + 107).
-7
Evaluate (1 - (-9 - -36)) + 120 + -17.
77
Calculate 2 + -5 + 25 + -16 + -66.
-60
Calculate 16 + -10 - (2 - -18) - (1 + 40).
-55
(6 - (7 + -31)) + (4 + -3 - -4)
35
Calculate -14 + 9 + 12 + -8 + (2 - (-12 - -11)).
2
What is the value of 31 - (-32 + 57 - 25 - (-6 + -3))?
22
What is (-52 - 0) + (-19780 - -19768)?
-64
What is the value of 47 + -60 + -42 - -29?
-26
Calculate 2565 + -2591 - (0 + -2 + 8).
-32
Evaluate 0 + -6 + (2 - ((-36 - -18) + 39)).
-25
What is 0 - 5 - (553 + -535) - -64?
41
-4 - (173 - (-116 - -223))
-70
What is the value of 128 + -41 - (-7 - -28 - 2)?
68
Calculate (-3 - -1) + (-3 - -12) + (-11 - 7 - -49).
38
Calculate 23 + ((-25 - -20) + 20 - -8) + -170.
-124
What is 26 + -56 + -47 + 42?
-35
Calculate 89 - (83 + 42) - -69.
33
Evaluate (619 - 574) + -54 + -6.
-15
-57 - (8 - (-8 - -8)) - (-4 - 18 - -16)
-59
Calculate -12 + (23 - (-105 + 23 - -29)).
64
Evaluate -39 - (-27 + 39 + 2 + -86).
33
88 - (343 - 121) - (-4 - 26)
-104
Evaluate 1128 - 1155 - (-13 + -3).
-11
What is the value of 17 - (-184 + 190 - (12 + 3 + -3 + -1))?
22
Calculate (-215 - -95 - (1 + -29)) + (0 - (-1 - 3)).
-88
What is (-157 + 178 + -4 + -1 - 7) + (26 - 0)?
35
(-75 - -3) + 258 + -111
75
What is -76 - (-166 + (36 - -13))?
41
Evaluate ((-2 - -10) + -15 - 91 - 3) + -45 + 32.
-114
What is (-1 - -1) + (-28 - (-72 - -35)) + -29?
-20
Evaluate 66 + (11 + 20 - 46).
51
62 - ((-29 - 3) + 55)
39
What is (-212 - -207) + (4 - 0) + 33 + -39?
-7
What is 79 - (-166 + 94 - -87)?
64
What is the value of 81 - (13 - (6 - (14 + -4 + -17)))?
81
-74 + 55 - -75 - (1 + -9)
64
Calculate -17 + (6 - (-3 + (-7 - -14))) + -15.
-30
Calculate 109 + (-124 - -2) - (-135 + -3).
125
What is the value of -3 + -5 + (-6 - 1) + (151 - 113)?
23
-37 + 24 + -37 - -8
-42
What is the value of -80 + (4 - (20 - -1 - 23))?
-74
What is (-15 - -19 - -12 - -2) + 24?
42
What is (-35 + -10 - -26) + -25 - -15?
-29
What is the value of (0 - -79) + -61 + 56 + (-2 - -12)?
84
Evaluate -138 + (99 - -57) - 74.
-56
3 + 46 + 1 - (24 + -12 + -22 - -8)
52
-12 + ((-8 - 13) + 3 - 3 - -36)
3
What is the value of -29 + (66 - 47) - 32 - (0 - 7)?
-35
What is 2 + (-42 - -53) - 2?
11
What is the value of 489 - 460 - (-4 + 49)?
-16
-9 + (-40 + 72 - -12)
35
What is the value of 23 - (24 + -16 + -23) - -5?
43
What is the value of (-3 + (23 + -5 - 16) - -14) + 35?
48
What is (-12 - -5) + (-3 + (-3 - 10) - 19)?
-42
(-1 - 57) + 444 + -459 - -21
-52
(28 - 11) + -11 + 27 + -1 + (-6 - 6)
20
Evaluate 44 + 10 - (1 + (-11 - -6)).
58
Calculate -7 + -3 - ((11 - (-11 - -23)) + -5) - -48.
44
(42 - 1) + -11923 + 11984
102
What is the value of -142 + 204 + -88 + 10?
-16
Evaluate -13 + 1 + -1 - (-69 + 509 - 413).
-40
Calculate -77 + (-10 + 191 - 6).
98
What is -169 + 143 + (-174 - -130)?
-70
What is -100 - (133 + -188) - (-1 + -7)?
-37
-26 + 23 - (102 - 60)
-45
Evaluate -23 + 38 + -29 - (-1 + -2 - 68).
57
-13 + 19 + 3 + -1 + -17
-9
What is the value of -39 - (-102 - -53) - 8?
2
(0 - -4) + 0 - (-75 - -39)
40
Evaluate 18 + -12 - -35 - 59.
-18
Evaluate (-1 - 7) + (18 - -3) + (15 - -1 - 137).
-108
What is (-123 - -104 - (22 - -3)) + (-15 - -1)?
-58
What is -48 + 160 + 18 + -46?
84
Evaluate -5 - (0 + -4 + (-25 - (43 - 56))).
11
What is the value of 21 + -49 - 4 - -25 - (-3 + 1 - 5)?
0
What is 1 + -62 + (31 - (24 + -1))?
-53
What is the value of 15 + 102 + -62 + 5 + 0?
60
What is the value of -53 + (-34 - -150) - (2 - 10)?
71
What is the value of -17 + -3 - (7454 - 7611)?
137
((16 - 6) + (12 - (7 + 21)) - -16) + 2
12
Evaluate (16 - 10) + (-97 - -65).
-26
What is the value of -39 - (20 + -20 + 6 + 17)?
-62
Evaluate -394 + 390 - ((-19 - 0) + 0).
15
What is the value of 29 + (15 - (-15 - 9 - -22))?
46
Calculate 160 - (35 - -88) - 14.
23
What is (-3 - -3) + 33 + (-163 - -171)?
41
Evaluate 12 + (-25 - 65 - -86).
8
Evaluate -1 - (-1 + 45) - (-1135 - -1122).
-32
Evaluate -61 + -1 + (-33 - 8 - (-25 - -5)).
-83
Calculate 22 - (124 + (-8 - -22) + -9).
-107
Evaluate 0 + 97 - (-14680 + 14860).
-83
Evaluate (3 - (3 - 11)) + -48 + (0 - (7 - -9)).
-53
Evaluate 85 + (31 - 44 - 30).
42
Evaluate 8 + -1 + -6 + -9 - (13 - (0 - -22)).
1
(-19517 - -19563) + 0 + (-1 - 11) + 0
34
5 + -14 + (2 - -15) + (-289 - -225) - 2
-58
Calculate -13 - (23 + (6 - 1 - 2) + 3).
-42
-32 + 0 - (-23 + (134 - 127))
-16
Evaluate 235 + -225 - (-14 - (-4 + 3)).
23
(-92 - -14) + 5 + 57
-16
Calculate -130 + 137 + -68 + 133.
72
Calculate (41 - 40) + 20 - 32.
-11
What is (-10 - -3 - -3) 